{"id":40,"date":"2022-10-31T17:57:38","date_gmt":"2022-10-31T16:57:38","guid":{"rendered":"https:\/\/bastelstudio-oschatz.de\/?page_id=40"},"modified":"2025-11-29T11:30:36","modified_gmt":"2025-11-29T10:30:36","slug":"ueber-uns","status":"publish","type":"page","link":"https:\/\/bastelstudio-oschatz.de\/index.php\/ueber-uns\/","title":{"rendered":"\u00dcber uns"},"content":{"rendered":"<div class=\"wp-block-image\">\n<figure class=\"aligncenter size-full\"><img loading=\"lazy\" decoding=\"async\" width=\"563\" height=\"302\" src=\"https:\/\/bastelstudio-oschatz.de\/wp-content\/uploads\/2022\/11\/c39cber-unsd212.jpg\" alt=\"\" class=\"wp-image-76\" srcset=\"https:\/\/bastelstudio-oschatz.de\/wp-content\/uploads\/2022\/11\/c39cber-unsd212.jpg 563w, https:\/\/bastelstudio-oschatz.de\/wp-content\/uploads\/2022\/11\/c39cber-unsd212-300x161.jpg 300w\" sizes=\"auto, (max-width: 563px) 100vw, 563px\" \/><\/figure>\n<\/div>\n\n\n<p><br>Hier kannst du kreative Ideen finden, um die Entspannung beim \u201eWerkeln\u201c zu finden und die Freude beim Verschenken von selbstgemachten Geschenken zu sp\u00fcren. Mit jedem Alter und in jeder Lebenslage kann man kreative Freude erfahren, also schau mal, ob f\u00fcr dich etwas dabei ist. Im Bastelstudio findest du passendes Material und wir erkl\u00e4ren dir gern, wie es geht.<\/p>\n\n\n\n<p>Du findest uns in Oschatz, Hospitalstra\u00dfe 2 \u2013 in der N\u00e4he des Neumarkt mit Rathaus und Kirche<br><\/p>\n\n\n\n<hr class=\"wp-block-separator has-alpha-channel-opacity\"\/>\n\n\n\n<p><strong>Impressum<\/strong><\/p>\n\n\n\n<div class=\"wp-block-columns is-layout-flex wp-container-core-columns-is-layout-9d6595d7 wp-block-columns-is-layout-flex\">\n<div class=\"wp-block-column is-layout-flow wp-block-column-is-layout-flow\">\n<p>Bastelstudio<br>Inhaber Carola Sch\u00f6nfeld<br>Hospitalstra\u00dfe 2<br>04758 Oschatz<\/p>\n\n\n\n<p>T: 03435932262<br>bastelstudio-oschatz@posteo.de<br>Umsatzsteuer ID-Nr.DE158000344<\/p>\n<\/div>\n\n\n\n<div class=\"wp-block-column is-layout-flow wp-block-column-is-layout-flow\"><div class=\"wp-block-image\">\n<figure class=\"alignleft size-full\"><img loading=\"lazy\" decoding=\"async\" width=\"123\" height=\"200\" src=\"https:\/\/bastelstudio-oschatz.de\/wp-content\/uploads\/2022\/11\/dsc07566-e1442154985274.jpg\" alt=\"Carola Sch\u00f6nfeld\" class=\"wp-image-139\"\/><\/figure>\n<\/div><\/div>\n<\/div>\n","protected":false},"excerpt":{"rendered":"<p>Hier kannst du kreative Ideen finden, um die Entspannung beim \u201eWerkeln\u201c zu finden und die Freude beim Verschenken von selbstgemachten Geschenken zu sp\u00fcren. Mit jedem Alter und in jeder Lebenslage kann man kreative Freude erfahren, also schau mal, ob f\u00fcr dich etwas dabei ist. Im &hellip; <\/p>\n<p class=\"more-link-wrap\"><a href=\"https:\/\/bastelstudio-oschatz.de\/index.php\/ueber-uns\/\" class=\"more-link\">Continue reading <span class=\"screen-reader-text\">\u00dcber uns<\/span><\/a><\/p>\n","protected":false},"author":1,"featured_media":0,"parent":0,"menu_order":0,"comment_status":"closed","ping_status":"closed","template":"","meta":{"footnotes":""},"class_list":["entry","page","publish","author-schoenfeldc","post-40"],"_links":{"self":[{"href":"https:\/\/bastelstudio-oschatz.de\/index.php\/wp-json\/wp\/v2\/pages\/40","targetHints":{"allow":["GET"]}}],"collection":[{"href":"https:\/\/bastelstudio-oschatz.de\/index.php\/wp-json\/wp\/v2\/pages"}],"about":[{"href":"https:\/\/bastelstudio-oschatz.de\/index.php\/wp-json\/wp\/v2\/types\/page"}],"author":[{"embeddable":true,"href":"https:\/\/bastelstudio-oschatz.de\/index.php\/wp-json\/wp\/v2\/users\/1"}],"replies":[{"embeddable":true,"href":"https:\/\/bastelstudio-oschatz.de\/index.php\/wp-json\/wp\/v2\/comments?post=40"}],"version-history":[{"count":14,"href":"https:\/\/bastelstudio-oschatz.de\/index.php\/wp-json\/wp\/v2\/pages\/40\/revisions"}],"predecessor-version":[{"id":460,"href":"https:\/\/bastelstudio-oschatz.de\/index.php\/wp-json\/wp\/v2\/pages\/40\/revisions\/460"}],"wp:attachment":[{"href":"https:\/\/bastelstudio-oschatz.de\/index.php\/wp-json\/wp\/v2\/media?parent=40"}],"curies":[{"name":"wp","href":"https:\/\/api.w.org\/{rel}","templated":true}]}}